+ 4*l = 79. What are the prime factors of y?
3, 11
Let w = 12 - 7. Let f(t) = 14*t - 1. Let c be f(3). Suppose 5*m + a - 45 = -4*a, -4*m + c = w*a. List the prime factors of m.
2
Let p(c) = 30*c**2 - 5*c + 9. List the prime factors of p(2).
7, 17
Suppose 4*l - 42 + 18 = 0. Let d(r) = -2*r**2 + 4*r. Let z be d(l). What are the prime factors of (-2 - z/9)*3?
2, 5
Suppose 2*m = 81 + 41. What are the prime factors of m?
61
Suppose -3 = -3*h + 3. Suppose -232 = -0*v - h*v. What are the prime factors of (-4)/(-10) - v/(-10)?
2, 3
Let i(l) = 6*l**2 - 1 - 23*l + 23*l. List the prime factors of i(-2).
23
Suppose 2*a + 16 - 54 = 0. What are the prime factors of a?
19
Let n = 133 + -265. Let v be (3/(-2))/(9/n). Let y = -13 + v. What are the prime factors of y?
3
Let l(h) = -43*h - 5. What are the prime factors of l(-1)?
2, 19
Let m(t) = t**2 + 7*t - 5. Let k be m(-8). Suppose -k*h + 42 = 3*p, -3*p = -6*p. What are the prime factors of h?
2, 7
Suppose -8*s + 11*s - 6 = 0. Suppose -38 = -2*g + 5*a, -s*g + g = -3*a - 18. What are the prime factors of g?
2, 3
Let z(k) = -2*k - 1. Let l(i) = 4*i - 1. Let g(j) = 1. Let t(p) = -4*g(p) - l(p). Let c(w) = -4*t(w) + 10*z(w). What are the prime factors of c(-2)?
2, 5
Suppose 4*o - k - 156 = 0, 33 = 3*o + 2*k - 73. What are the prime factors of o?
2, 19
Let n(j) = 0*j + 6*j - 1 - 3*j. Let y be (-10)/(-4)*(-4)/(-2). What are the prime factors of n(y)?
2, 7
Let o = 1 + 3. Let i = 8 - 4. Suppose -5*w - 94 + 34 = -o*n, -4*w = i*n - 24. List the prime factors of n.
2, 5
Let u(o) = o**3 + 9*o**2 + 7*o - 6. Let f be u(-8). Suppose -6 = f*k - 0*k. List the prime factors of 13 + -3 + k + 3.
2, 5
Let v(u) = u**2 + 6*u + 5. Let j be v(-4). What are the prime factors of (0 + 18)*j/(-3)?
2, 3
Suppose 5*p + 4*m = 103, -m = 5*p - 3*m - 91. What are the prime factors of p?
19
Let v be (-12)/(-3)*(-1)/2. Let z = 7 - 6. Let k = z - v. List the prime factors of k.
3
Let s(c) = -c**3 + 4*c**2 + c + 1. Let x be s(4). Let t = 10 - x. Suppose 0 = 3*b - t*k - 4, b - 8*k = -4*k - 1. List the prime factors of b.
3
Let a(f) = 4*f**2 + f + 1. Let d be a(-1). Suppose -d*r = 4 - 16. Let o = r + 0. List the prime factors of o.
3
Let y = -91 - -160. List the prime factors of y.
3, 23
Let i(w) = -19*w**2. Let o be i(1). Let h be (o - 3)/((-2)/2). Let t = h - 13. What are the prime factors of t?
3
List the prime factors of (4/(-6))/((-1)/45).
2, 3, 5
Suppose -2*d + 4*j + 410 = 0, 4*d + j = 2*j + 848. What are the prime factors of d?
3, 71
Suppose -y + 12*y - 264 = 0. What are the prime factors of y?
2, 3
Suppose 0 = -3*f + 3*h + 19 - 4, 5*h + 18 = -2*f. Let u(l) = 57*l**3 + l**2 - 1. What are the prime factors of u(f)?
3, 19
Let q = -6 + 8. Suppose 3*b - 138 = -2*b - 2*n, -3*b + 82 = 2*n. Suppose -b = -3*p + q. List the prime factors of p.
2, 5
Suppose 4*c - m - 9 = 0, -2*c + 13 = 2*c - 5*m. List the prime factors of c.
2
Let j = 31 + -3. What are the prime factors of j?
2, 7
Let y(v) = v**3 - 3*v**2 + 3*v. Suppose 4*q + 58 = 5*i, -3*q + 7 = -3*i + 40. Suppose -3*d = 5 - i. What are the prime factors of y(d)?
3
Let w = -1 + 1. What are the prime factors of 2 + w/(-2) + 1?
3
Suppose -153 = 7*u - 440. What are the prime factors of u?
41
Suppose 9 = 4*y - 3. Let d = 3 - y. Suppose -2*n = -d*n - 24. What are the prime factors of n?
2, 3
Suppose 6*d - 8 = 4*d. Suppose 0 = w + 3*j - 23, 0 = -2*w + d*j + 8 - 2. Let h(q) = -q**3 + 11*q**2 + 2*q - 13. What are the prime factors of h(w)?
3
Suppose 0 = 2*g + 2*g + 4*a - 404, -3*g = -5*a - 335. What are the prime factors of g?
3, 5, 7
Let k = -72 + 106. Suppose s = 3*s - k. List the prime factors of s.
17
Let j = 8 - -19. List the prime factors of j.
3
Let x = 79 - 5. List the prime factors of x.
2, 37
Suppose 324 = -5*u - z, 2*u - 7*z + 134 = -3*z. List the prime factors of (-10)/u - 412/(-26).
2
Let f = 38 + 77. List the prime factors of f.
5, 23
Let s(y) = -y + 2. Let p be s(2). Suppose -4*x + m = -2*m - 8, m - 4 = p. Suppose -x = -k + 11. What are the prime factors of k?
2
Let o(i) = 7*i + 1 + 3*i + 2 + 2 + i**2. What are the prime factors of o(-10)?
5
Let l be 50 - 3/((-6)/(-4)). Let j = l - 30. What are the prime factors of j?
2, 3
Suppose -4*t - 27 = -7. Let k = t - 1. List the prime factors of (-6)/9 - 52/k.
2
Let o(p) = -p + 16. Let y be o(9). Let u(d) be the third derivative of d**4/8 - 2*d**3/3 + 2*d**2. What are the prime factors of u(y)?
17
Suppose 210 + 420 = 3*w. What are the prime factors of w?
2, 3, 5, 7
Suppose -3*j + 90 = -75. Suppose -6*k = -k + 4*h + j, 3*k = 2*h - 55. Let b = -9 - k. What are the prime factors of b?
2, 3
Suppose 3*o - 5*d - 36 = 0, 4*d = 4*o - 16 - 40. What are the prime factors of o?
17
Suppose 5*j = 6*j - 46. What are the prime factors of j?
2, 23
Let k(p) = 6*p**2 + 15*p + 4. What are the prime factors of k(-6)?
2, 5, 13
Let t = -59 - -180. List the prime factors of t.
11
What are the prime factors of 22 - ((-9)/(-7) - 24/84)?
3, 7
Suppose -2*t + 15 = 3*t. Suppose -48 = -t*q - 0*q. List the prime factors of q.
2
Suppose 2*u = u + 4. Let p be (-2)/(-7) - (-2)/(-7). Suppose -d - u + 15 = p. What are the prime factors of d?
11
Suppose -i + 4 + 7 = 0. List the prime factors of i.
11
Let l(y) = 13*y**2 - 3*y + 2. Let f be l(2). Suppose -f = -m - 2*m. What are the prime factors of m?
2
Suppose 0 = 5*f + 4*n - 9 + 1, -4*n + 8 = -2*f. Suppose 216 = -0*c - 3*c + q, f = 4*q. List the prime factors of ((-3)/2)/(27/c).
2
Suppose -a = 5*a - 528. What are the prime factors of a?
2, 11
What are the prime factors of (1 - (25 - 4))*(-46)/5?
2, 23
Let z = -175 - -248. List the prime factors of z.
73
Suppose 4*f = z - 2*z + 73, 5*f + 5*z = 80. Suppose k - f = 6. List the prime factors of k.
5
Suppose z = 4*q - 210, 3*q + 4*z - 173 = -6. Let n = q - 7. What are the prime factors of n?
2, 23
Suppose 0 = -y + 8*y - 336. What are the prime factors of y?
2, 3
Let p = 4 + -4. Suppose 5*g = -p*g + 40. Let c = g + -4. What are the prime factors of c?
2
Let f(c) = c + 9. Let d be f(-7). Suppose t + 17 = -5*u, t - d*t + u + 1 = 0. Let w = t - -5. What are the prime factors of w?
3
Let f = 628 - 310. What are the prime factors of f?
2, 3, 53
Suppose 0 = 4*r + r + 430. Let f = 145 + r. What are the prime factors of f?
59
Let n = 48 + -21. List the prime factors of n.
3
Suppose f = -3*m - 16, f - 14 = m - 3*f. What are the prime factors of 2/(-6) - 50/m?
2
Suppose 0 = 20*n - 12*n - 256. What are the prime factors of n?
2
Let d = -6 - -8. What are the prime factors of (5 - d) + 7 + -3?
7
Suppose 4*r - 10 = 3*r. Suppose -r + 0 = -5*v. Suppose 3*i - 10 = -2*k, v*k + 0 = -2. What are the prime factors of i?
2
Suppose -4*c = 3*g - 124, 4*c - 5*g - 105 - 19 = 0. Suppose -4*m + 5 = -c. Let a(p) = -p**3 + 8*p**2 + 11*p + 1. What are the prime factors of a(m)?
19
Suppose 829 - 209 = 5*u. Let i = -89 + u. What are the prime factors of i?
5, 7
Let o(a) = -2*a - 1. Let q(n) = -n**2 - 6*n - 2. Let m be q(-6). Let j be o(m). List the prime factors of 3/2*22/j.
11
Let v(m) = -m**3 - m - 93. Let n be v(0). Let g = -60 - n. What are the prime factors of g?
3, 11
Let x(u) = -2*u + 5. Let c be x(4). Let y(i) = i**3 + 2*i**2 - 5*i - 3. List the prime factors of y(c).
3
Let v(s) = -s + 2. Let b be v(6). Suppose 5*h - 39 - 1 = 0. Let g = h + b. What are the prime factors of g?
2
Suppose -5*x = -3*r + 150, -160 = 5*x - 5*r + 4*r. Let o = 60 + x. What are the prime factors of o?
3
Suppose 2*p - 12 = 2*c - 2*p, 0 = -5*c + 3*p - 65. Let q = c + 28. What are the prime factors of q?
2, 3
Let p = 4 - 0. Suppose -p = 3*z - 55. List the prime factors of z.
17
Suppose j - 183 = -3*l + 314, 4*j - 8 = 0. List the prime factors of l.
3, 5, 11
Let j(m) = -5*m**2 - 7 - m**3 - 5*m**2 - 4*m - 6*m. Let u be j(-9). Suppose -3*y + u*y + 10 = 0. What are the prime factors of y?
2, 5
Suppose -344 = -2*d + 4*j + 360, -2*j = 10. Suppose 3*i + r - d = 0, 4*i - 457 = -r - 0*r. Suppose -6*l + l = -i. What are the prime factors of l?
23
Let c be 644/(-20) + 1/5. What are the prime factors of 2/3 - c/6?
2, 3
Let y(r) = r**3 - 8*r**2 + 2*r - 10. What are the prime factors of y(8)?
2, 3
What are the prime factors of 18/(-12)*2 - -360?
3, 7, 17
List the prime factors of (302/2)/((-5)/15*-3).
151
Suppose -2*i + 9 + 7 = 0. Let c = 2 + i. What are the